244
In base 9, what is 50 + 14?
64
In base 7, what is 5 + -401?
-363
In base 14, what is -1 - -2009?
2008
In base 12, what is -84 + -13?
-97
In base 4, what is 311 - 1110?
-133
In base 3, what is 2010212 - 11?
2010201
In base 5, what is 0 - -2?
2
In base 11, what is -1 + -957?
-958
In base 2, what is -101111 - -1?
-101110
In base 15, what is e + 66?
75
In base 13, what is -37 + a?
-2a
In base 4, what is 11 - 230?
-213
In base 6, what is -23 + 2?
-21
In base 2, what is 11010 - 1001?
10001
In base 7, what is -113 + -23?
-136
In base 16, what is -d + -e8?
-f5
In base 12, what is -71b - -13?
-708
In base 12, what is 12b6 + -5?
12b1
In base 12, what is -20 + 54b?
52b
In base 7, what is 10 + 1345?
1355
In base 6, what is -4 + 2?
-2
In base 5, what is -1 + 42?
41
In base 8, what is 37 + -117?
-60
In base 2, what is -111 - 11001?
-100000
In base 4, what is -1032 - -12?
-1020
In base 11, what is -844 - 4?
-848
In base 5, what is -10 + -20010?
-20020
In base 9, what is -5 - 341?
-346
In base 7, what is -2 - -321?
316
In base 9, what is -32 + -4?
-36
In base 14, what is 2 - b2?
-b0
In base 9, what is 7 - 315?
-307
In base 6, what is -1552 + -5?
-2001
In base 8, what is 1052 + 1?
1053
In base 10, what is 2126 + -2?
2124
In base 14, what is 1 + 150?
151
In base 12, what is 5 + -16a?
-165
In base 2, what is 1111000110111 + 10?
1111000111001
In base 9, what is -178 + -5?
-184
In base 6, what is 4 + -10?
-2
In base 9, what is 0 + 3466?
3466
In base 15, what is -34 + 18?
-1b
In base 2, what is 110010 - -1111001?
10101011
In base 8, what is -1360 - -3?
-1355
In base 15, what is 14d - -6?
154
In base 9, what is -1676 - 5?
-1682
In base 7, what is 5 + 11?
16
In base 16, what is -158f + -2?
-1591
In base 3, what is 12121 + -122?
11222
In base 3, what is 12002 - -1?
12010
In base 6, what is 430 + -53?
333
In base 7, what is 0 - 1415?
-1415
In base 3, what is -100 - -2121?
2021
In base 5, what is -32 + 32?
0
In base 4, what is -3 + 33?
30
In base 3, what is -1010020 + 10?
-1010010
In base 5, what is 44 - 131?
-32
In base 14, what is -98 + -4?
-9c
In base 6, what is -110 - 105?
-215
In base 12, what is -59 - -2?
-57
In base 2, what is -11011010101001 + 100?
-11011010100101
In base 15, what is 7c - -3?
80
In base 14, what is -13 - -b?
-6
In base 13, what is 1 - -4b?
4c
In base 10, what is 24 - 7?
17
In base 6, what is -2 + -4?
-10
In base 13, what is -100 - -1?
-cc
In base 12, what is -1 + -1?
-2
In base 3, what is -11 - 100202?
-100220
In base 15, what is 34 - c7?
-93
In base 6, what is -15 + -5?
-24
In base 10, what is -17 + -440?
-457
In base 11, what is -341 + -7?
-348
In base 15, what is 0 + 22?
22
In base 8, what is -2507 + 10?
-2477
In base 11, what is -5 + 64?
5a
In base 6, what is 2530 + 0?
2530
In base 3, what is -20 + -21002?
-21022
In base 13, what is -20 - -6?
-17
In base 14, what is -30 - -6c?
3c
In base 12, what is b03 - 0?
b03
In base 12, what is 22b + 25?
254
In base 8, what is 2 - 416?
-414
In base 4, what is -10130 + -10?
-10200
In base 2, what is -10 + 10001000?
10000110
In base 14, what is 11 + -33?
-22
In base 5, what is -3 - 113?
-121
In base 7, what is 560 + -11?
546
In base 14, what is 420 - 3?
41b
In base 7, what is -5 + 3?
-2
In base 12, what is 15 - 0?
15
In base 11, what is 5 + -943?
-939
In base 7, what is -43 + -16?
-62
In base 8, what is 0 + -130?
-130
In base 4, what is -30 - -2233?
2203
In base 10, what is -3986 + 1?
-3985
In base 4, what is -3 + -213?
-222
In base 16, what is 5 - 3e?
-39
In base 14, what is -1a0 - -8?
-196
In base 16, what is -692 - -5?
-68d
In base 13, what is 68b - 9?
682
In base 14, what is 1a + 4?
20
In base 9, what is 16 + 2321?
2337
In base 8, what is -164 - 5?
-171
In base 8, what is 1013 + 11?
1024
In base 3, what is 2011101002 - 12?
2011100220
In base 16, what is 8 + -28b?
-283
In base 11, what is 2 + 179?
180
In base 8, what is 3 + 125?
130
In base 10, what is -640 + 3?
-637
In base 9, what is 315 + -21?
284
In base 9, what is -2 - -864?
862
In base 12, what is -84 - -2?
-82
In base 14, what is 3556 + -1?
3555
In base 4, what is 2000 + 13?
2013
In base 12, what is 45 - a5?
-60
In base 7, what is 5 - 13566?
-13561
In base 6, what is 1220 + 0?
1220
In base 13, what is -1 + -444?
-445
In base 7, what is 1 + 20?
21
In base 10, what is 1280 + 3?
1283
In base 10, what is 4 + 100?
104
In base 5, what is -203 + 0?
-203
In base 5, what is -11 + 30?
14
In base 10, what is 137 + -15?
122
In base 7, what is 4441 + 3?
4444
In base 10, what is -117 + -4?
-121
In base 12, what is -2004 + -5?
-2009
In base 10, what is -2 + -436?
-438
In base 4, what is -11 + 2020?
2003
In base 5, what is 12202 - -1?
12203
In base 3, what is 102 + -1010?
-201
In base 15, what is -5db5 - -5?
-5db0
In base 15, what is -5 + -3b?
-41
In base 12, what is 5 + a43?
a48
In base 11, what is -315 + -28?
-342
In base 16, what is -7 + 8?
1
In base 12, what is 0 + -b3?
-b3
In base 14, what is 228 - -1?
229
In base 9, what is 27 - -13?
41
In base 4, what is 0 + 12233?
12233
In base 6, what is -41 + 14?
-23
In base 3, what is 2211010 + 10?
2211020
In base 13, what is 152b + 4?
1532
In base 7, what is -44 + 30?
-14
In base 6, what is 110 + 3?
113
In base 4, what is -123 + -331?
-1120
In base 5, what is -10 + -132?
-142
In base 11, what is -2443 - -a?
-2434
In base 3, what is -210 - -10102?
2122
In base 5, what is -23 - 141?
-214
In base 16, what is 4 - -a33?
a37
In base 3, what is 1 - -21021?
21022
In base 14, what is -2c4 - 21?
-305
In base 15, what is 2 + -71?
-6e
In base 15, what is 27 - -1?
28
In base 16, what is -2 + -2c7?
-2c9
In base 16, what is 0 + -22?
-22
In base 7, what is 2 + -2465?
-2463
In base 16, what is c + -5a?
-4e
In base 5, what is 2330 - 3?
2322
In base 2, what is 111111 + -11?
111100
In base 4, what is 10332 - 10?
10322
In base 5, what is 11 - 0?
11
In base 15, what is 1a - 23?
-8
In base 15, what is -5e - a?
-69
In base 14, what is -5 - 136?
-13b
In base 8, what is -11 - 46?
-57
In base 15, what is -1603 - 5?
-1608
In base 7, what is 32 - -13?
45
In base 10, what is 4 - -176?
180
In base 14, what is -607 + 1?
-606
In base 16, what is 2 - -4f?
51
In base 7, what is -550 + 2?
-545
In base 6, what is -1 + -13402?
-13403
In base 9, what is 8 + 1744?
1753
In base 5, what is -131 - 311?
-442
In base 3, what is 12 + -2112?
-2100
In base 8, what is -1351 + -1?
-1352
In base 12, what is 5 - 5?
0
In base 14, what is -2 + -2a?
-2c
In base 2, what is -10100101 - -101?
-10100000
In base 6, what is 122 - 4?
114
In base 9, what is 5 - 72?
-66
In base 13, what is -1b - -10?
-b
In base 2, what is -101 - -1000001?
111100
In base 3, what is -2011101 - 102?
-2011210
In base 8, what is 4 + 357?
363
In base 9, what is -4 - 14?
-18
In base 5, what is -1311 - -102?
-1204
In base 3, what is 100 - 2?
21
In base 3, what is -1 - 212202?
-212210
In base 4, what is -102 + -1222?
-1330
In base 4, what is 2102 + -113?
1323
In base 16, what is -172 - 1?
-173
In base 7, what is 0 + -600?
-600
In base 11, what is 57 - 13?
44
In base 13, what is -1c0 + 1?
-1bc
In base 15, what is -40 - -4?
-3b
In base 12, what is 2 - 1483?
-1481
In base 4, what is 0 - -1310?
1310
In base 3, what is 0 + -102111?
-102111
In base 6, what is -1055 - -41?
-1014
In base 4, what is 11 - 10?
1
In base 10, what is -1741 + -1?
-1742
In base 16, what is 2 + 4c?
4e
In base 9, what is 18 - -48?
67
In base 9, what is -3 - -36?
33
In base 11, what is -3 - 203?
-206
In base 15, what is 4 - 80?
-7b
In base 6, what is 1 - 4?
-3
In base 10, what is 53 + -25?
28
In base 5, what is -34413 - -2?
-34411
In base 2, what is 100000110 - 1?
100000101
In base 5, what is 132 - 22?
110
In base 5, what is 431 + -13?
413
In base 5, what is -1 + -4133?
-4134
In base 4, what is 0 - -1012?
1012
In base 6, what is -5 + 125?
120
In base 8, what is 3 - 43?
-40
In base 3, what is -1001020 + 11?
-1001002
In base 6, what is -4 + 22021?
22013
In base 4, what is 10220 - 11?
10203
In base 15, what is b - 31?
-25
In base 3, what is -201122 - 2?
-201201
In base 6, what is 215 + -1?
214
In base 9, what is 52 - -8?
61
In base 7, what is -24 + -26?
-53
In base 16, what is 1a - 1?
19
In base 15, what is 4d - 3?
4a
In base 8, what is 24 - 11?
13
In base 6, what is 111 - 223?
-112
In base 4, what is 11 + -222?
-211
In base 9, what 